divided by z.
7
Let z(u) = -u**2 - 2*u - 1. Let x be z(-1). Let g = x - 0. Calculate the remainder when 2 + g + 0 - -38 is divided by 14.
12
Let l = 127 - 77. Let q(m) = -8*m. Let y be q(-5). Let n = 57 - y. Calculate the remainder when l is divided by n.
16
Let m(b) = 3*b + 4. Let x be (4/(-6))/(2/(-27)). Calculate the remainder when m(x) is divided by 16.
15
Suppose -67 = 4*m - 159. Calculate the remainder when 137 is divided by m.
22
Let q = 28 + -15. What is the remainder when q is divided by 7?
6
Suppose -3*u - 25 = -2*m - 2*m, -4*u = 5*m - 39. Calculate the remainder when m is divided by 2.
1
Let d = 5 + -3. Calculate the remainder when 5 is divided by d.
1
Let g = 9 + -8. Suppose g = 2*x - 33. Calculate the remainder when x + 0/(2 - -1) is divided by 6.
5
Let m be 5/2*(-4)/(-10). What is the remainder when (-25 + m)/(2/(-3)) is divided by 13?
10
Let p(k) be the third derivative of -k**5/60 - k**4/3 + 2*k**3/3 - 9*k**2. What is the remainder when 37 is divided by p(-4)?
17
Suppose -2*j + 50 = 3*j. Suppose 0 = -2*m - 2 + 58. What is the remainder when m is divided by j?
8
Let q(i) = -4*i - 9. Let w be q(-6). Let v = w - 7. Calculate the remainder when 29 is divided by v.
5
Let a = 11 + 250. Suppose -4*u + a + 14 = b, -3*u - 3*b + 195 = 0. Calculate the remainder when u is divided by 24.
22
Let n(s) = s - 10. Let o be n(-7). Let b = o - -37. Let q = 21 + -10. What is the remainder when b is divided by q?
9
Let h(y) = 4*y - 16. Calculate the remainder when 68 is divided by h(10).
20
Let z(p) = -22*p. Calculate the remainder when z(-1) is divided by 28/2 + (0 - 2).
10
Suppose -5*v = -4*v - 2. Let g(t) = -t**3 + 13*t**2 + t - 9. What is the remainder when g(13) is divided by v?
0
Let i = -5 - -6. Calculate the remainder when -6 - -9 - -6*i is divided by (-1)/(-4) + 23/4.
3
Suppose 22*f - 13*f = 342. Calculate the remainder when 147 is divided by f.
33
Let r(b) = b**2 + 5*b + 2. Let p be r(-4). Suppose 0*t + 4*t = -5*u + 42, -3*u - 6 = 0. What is the remainder when (p - -5) + 1 + 34 is divided by t?
12
Suppose 5*f = -9 + 54. Suppose -4*u = -3*x + 10, 6*x + 3*u = 2*x + 5. Suppose -31 = -x*j - f. Calculate the remainder when 21 is divided by j.
10
Let q = 30 - 52. Let x = 32 + q. Calculate the remainder when 242/x + (-1)/5 is divided by 13.
11
Let b = -3 - -5. Suppose b = g - 1. Calculate the remainder when ((-4)/2 - 56/(-8)) + 0 is divided by g.
2
Let o be (-2)/(-4*1)*0. Suppose -v = -l - 4*l + 73, 3*l - 3*v - 51 = o. Let b(h) = -h**3 + 19*h**2 + 2*h - 12. What is the remainder when b(19) is divided by l?
12
Let b(v) = v**3 - 3*v**2 - 8*v + 2. What is the remainder when b(6) is divided by 34?
28
Suppose a - 60 = -4*a. Suppose -2*b + 98 = a. Suppose -5*h - 70 = -3*z, 2*h = -0*h - 10. Calculate the remainder when b is divided by z.
13
Let v = 35 - 20. Let c = v - 7. Let i(z) = -z**3 + 9*z**2 - 5*z + 2. Calculate the remainder when i(c) is divided by 14.
12
Let z(g) = -g**2 + 6*g - 4. Let s(f) = -4*f - 2. Calculate the remainder when s(-4) is divided by z(4).
2
Let m = -6 - -12. Suppose 4*q - 14 = m. Suppose 8 = -p + q*p. What is the remainder when 3 is divided by p?
1
Suppose 3*a = -5*b + 15, 3*a + 5*b = 2*b + 15. Let k = a - 3. Suppose p + u = 31, -4*p - k*u + 167 = p. What is the remainder when p is divided by 18?
17
What is the remainder when 71 is divided by (-2 + 3)/(4/148)?
34
Suppose 2*w - 3*t - 13 = 0, 4*w + 5*t - 26 - 11 = 0. Suppose -d + 4*d = 69. What is the remainder when d is divided by w?
7
Suppose 5*p = -0*p + 115. Calculate the remainder when 91 is divided by p.
22
What is the remainder when (-1)/(2/(-72)) + 3 is divided by 10?
9
Let t(g) = -22*g + 4. Let a be t(3). Let b = a - -89. Calculate the remainder when b is divided by (21/(-14))/(3/(-28)).
13
Suppose -4*n + g = -186 + 52, -5*g - 10 = 0. Let u = 75 - 41. Suppose -3*l + l + u = 0. What is the remainder when n is divided by l?
16
Let h = 6 + -12. Let l(y) = -2*y + 1. What is the remainder when l(h) is divided by 4?
1
Suppose 4*t + 2*f - 42 = 2, -3*f = -4*t + 44. Let j be (-26)/4 + (-1)/2. What is the remainder when (-219)/j + 6/(-21) is divided by t?
9
Suppose -14 = -a - 4*l, -42 = -3*a - 0*a + 5*l. What is the remainder when (16/3)/(2/15) is divided by a?
12
Suppose 5*x = 5*u + 170, 7*x - 74 = 4*x - 4*u. Calculate the remainder when 87 is divided by x.
27
Suppose 5*x = -2*f + 18, 5*f = -5*x + 4 + 26. Calculate the remainder when f is divided by -4*-3*4/24.
0
Let g = -4 + 12. Calculate the remainder when g is divided by 3.
2
Suppose 0 = 5*w + 5*a - 80, -7*w + 109 = -3*w - 5*a. What is the remainder when 53 is divided by w?
11
Let d(y) = -y**2 + 8*y + 19. Let u be d(9). Let r(w) = -4*w + 3*w - 9 + 3*w. What is the remainder when 31 is divided by r(u)?
9
Let d = 92 + -69. Calculate the remainder when d is divided by 9.
5
Let t(f) = f + 10. Let l be -3 - 1/(0 - -1). Calculate the remainder when t(0) is divided by (-1 - l) + 2 + -1.
2
Suppose 2*s - 140 = 4*p - 6*p, -8 = 4*s. Suppose 0*t = 5*t - 125. Calculate the remainder when p is divided by t.
22
Let x = -17 - -35. Let c(y) = 2*y + 15. What is the remainder when x is divided by c(-5)?
3
Suppose 0*t - 4 = t + 4*k, k + 22 = 5*t. Suppose -3*z = -5*z + t. Calculate the remainder when 5 is divided by z.
1
Suppose -65 = z - 6*z. Calculate the remainder when 47 is divided by z.
8
Suppose -551 = -3*c - 86. What is the remainder when 198/4 + 2/4 is divided by c/9 - 6/27?
16
Suppose -g = -0*g - 11. Calculate the remainder when 19 is divided by g.
8
Suppose 2*b - 2*n - 6 = 0, 6*n = n - 15. Let u be b + 8 + 0/2. Suppose 3*j - u = 16. What is the remainder when j is divided by 3?
2
Suppose 5 + 4 = 3*q. Suppose q*o = 10 + 107. Calculate the remainder when o is divided by 10.
9
Suppose -3*w = -3 - 3. Let g be 1/(w/(-68))*-4. Let m = g - 70. Calculate the remainder when m is divided by 17.
15
Suppose 3*p = -5*d - 38, -3*d = -4*p - d - 68. Let r = p + 27. Calculate the remainder when 32 is divided by r.
10
Let t(h) = -6*h + 8. What is the remainder when 27 is divided by t(0)?
3
Suppose -4*c - 8 = 5*l + 1, c - 5*l - 29 = 0. Calculate the remainder when 4 is divided by c.
0
Suppose 2*f + 0*f - 36 = 0. Let p be 4/f - 102/(-27). Suppose -p*r + 2*r = -10. Calculate the remainder when 9 is divided by r.
4
Let m(b) = -2*b**3 + 2*b**2 - 1. Let k = 8 - 1. Calculate the remainder when k is divided by m(-1).
1
Let n = 7 + -10. Let u be 8/(-3)*n/2. Suppose -3*i - u*j = -36, 36 = 5*i - 2*i + 5*j. Calculate the remainder when i is divided by 7.
5
Let l(a) = a + 1. Let j be l(-3). Calculate the remainder when (-51)/j*(-2)/(-3) is divided by 10.
7
Suppose -3*d + 28 = -d. What is the remainder when 26 is divided by d?
12
Suppose 35*s - 27*s = 840. Calculate the remainder when s is divided by 30.
15
Let b = 46 - 27. Let p = -2 + 0. What is the remainder when b is divided by (-19 + p)*(-2)/6?
5
Let m be 3/(6/(-4) + 0). Calculate the remainder when 11 is divided by ((-4 + m)*1)/(-1).
5
Suppose 2*r = 7*r - 305. Let b = r + -31. Calculate the remainder when b is divided by 16.
14
Suppose i + 3 = -0. Let a = i - -2. What is the remainder when 5 is divided by 3 - (a - -2)*-1?
1
Let y(v) = -2*v - 2. Let w be y(-3). Suppose 0 = w*k - 0*k - 36. Suppose 0 = -3*p - 14 + 92. What is the remainder when p is divided by k?
8
Let b(h) = h**2 - 7*h - 12. Let a be b(11). Let c = -23 + a. What is the remainder when c is divided by 6?
3
Suppose -7*b = -11*b + 204. Calculate the remainder when b is divided by (-558)/(-42) + (-4)/14.
12
Let f(q) = -q**3 - 6*q**2 - 4*q - 8. What is the remainder when f(-7) is divided by 14?
13
Let x(y) = -y - 2. Let d be x(-3). Suppose -3*r + d = 2*h - 25, -4*r = -4*h - 48. What is the remainder when 27 is divided by r?
7
Suppose 0 = -j - 2 + 16. Suppose -17 = -5*a - 2. Suppose -j = -5*h + a*h. What is the remainder when 20 is divided by h?
6
Let h(g) = -g + 13. Let n be h(13). Let i(q) = q**3 + 25. Suppose z = 4*m - 33, -3*m + 3*z + 36 = -0*z. Calculate the remainder when i(n) is divided by m.
4
Suppose -2*r + 57 = -3*m - 2*m, -m - 33 = -r. What is the remainder when 5 is divided by (r/(-30))/((-4)/10)?
2
Let k(x) = -2*x**3 + x**2 + 3*x - 3. Suppose -5*f + 5 + 5 = 0. Let j be k(f). Calculate the remainder when ((-12)/j)/(4/42) is divided by 5.